{"id":140,"date":"2025-05-26T02:44:25","date_gmt":"2025-05-26T02:44:25","guid":{"rendered":"https:\/\/ncjoyeria.com\/?post_type=product&#038;p=140"},"modified":"2025-05-26T02:46:17","modified_gmt":"2025-05-26T02:46:17","slug":"aretes-en-bano-de-oro-con-piedra-en-tono-cristal","status":"publish","type":"product","link":"https:\/\/ncjoyeria.com\/index.php\/producto\/aretes-en-bano-de-oro-con-piedra-en-tono-cristal\/","title":{"rendered":"Aretes en ba\u00f1o de oro con piedra en tono cristal"},"content":{"rendered":"<p>425348<\/p>\n<p>Aretes en ba\u00f1o de oro, con dijes en forma de c\u00edrculo compuestos por cuentas que le dan el acabado texturizado, y decorados con un brillante cristal engastado. Completa tu set con el collar a juego.<\/p>\n","protected":false},"excerpt":{"rendered":"<p>425348 Aretes en ba\u00f1o de oro, con dijes en forma de c\u00edrculo compuestos por cuentas que le dan el acabado [&hellip;]<\/p>\n","protected":false},"featured_media":87,"comment_status":"open","ping_status":"closed","template":"","meta":{"site-sidebar-layout":"default","site-content-layout":"","ast-site-content-layout":"","site-content-style":"default","site-sidebar-style":"default","ast-global-header-display":"","ast-banner-title-visibility":"","ast-main-header-display":"","ast-hfb-above-header-display":"","ast-hfb-below-header-display":"","ast-hfb-mobile-header-display":"","site-post-title":"","ast-breadcrumbs-content":"","ast-featured-img":"","footer-sml-layout":"","theme-transparent-header-meta":"","adv-header-id-meta":"","stick-header-meta":"","header-above-stick-meta":"","header-main-stick-meta":"","header-below-stick-meta":"","astra-migrate-meta-layouts":"default","ast-page-background-enabled":"default","ast-page-background-meta":{"desktop":{"background-color":"var(--ast-global-color-5)","background-image":"","background-repeat":"repeat","background-position":"center center","background-size":"auto","background-attachment":"scroll","background-type":"","background-media":"","overlay-type":"","overlay-color":"","overlay-opacity":"","overlay-gradient":""},"tablet":{"background-color":"","background-image":"","background-repeat":"repeat","background-position":"center center","background-size":"auto","background-attachment":"scroll","background-type":"","background-media":"","overlay-type":"","overlay-color":"","overlay-opacity":"","overlay-gradient":""},"mobile":{"background-color":"","background-image":"","background-repeat":"repeat","background-position":"center center","background-size":"auto","background-attachment":"scroll","background-type":"","background-media":"","overlay-type":"","overlay-color":"","overlay-opacity":"","overlay-gradient":""}},"ast-content-background-meta":{"desktop":{"background-color":"var(--ast-global-color-4)","background-image":"","background-repeat":"repeat","background-position":"center center","background-size":"auto","background-attachment":"scroll","background-type":"","background-media":"","overlay-type":"","overlay-color":"","overlay-opacity":"","overlay-gradient":""},"tablet":{"background-color":"var(--ast-global-color-4)","background-image":"","background-repeat":"repeat","background-position":"center center","background-size":"auto","background-attachment":"scroll","background-type":"","background-media":"","overlay-type":"","overlay-color":"","overlay-opacity":"","overlay-gradient":""},"mobile":{"background-color":"var(--ast-global-color-4)","background-image":"","background-repeat":"repeat","background-position":"center center","background-size":"auto","background-attachment":"scroll","background-type":"","background-media":"","overlay-type":"","overlay-color":"","overlay-opacity":"","overlay-gradient":""}}},"product_brand":[],"product_cat":[17],"product_tag":[],"class_list":{"0":"post-140","1":"product","2":"type-product","3":"status-publish","4":"has-post-thumbnail","6":"product_cat-aretes","7":"desktop-align-left","8":"tablet-align-left","9":"mobile-align-left","11":"first","12":"instock","13":"shipping-taxable","14":"purchasable","15":"product-type-simple"},"yoast_head":"<!-- This site is optimized with the Yoast SEO plugin v24.9 - https:\/\/yoast.com\/wordpress\/plugins\/seo\/ -->\n<title>Aretes en ba\u00f1o de oro con piedra en tono cristal - ncjoyeria.com<\/title>\n<meta name=\"robots\" content=\"index, follow, max-snippet:-1, max-image-preview:large, max-video-preview:-1\" \/>\n<link rel=\"canonical\" href=\"https:\/\/ncjoyeria.com\/index.php\/producto\/aretes-en-bano-de-oro-con-piedra-en-tono-cristal\/\" \/>\n<meta property=\"og:locale\" content=\"es_ES\" \/>\n<meta property=\"og:type\" content=\"article\" \/>\n<meta property=\"og:title\" content=\"Aretes en ba\u00f1o de oro con piedra en tono cristal - ncjoyeria.com\" \/>\n<meta property=\"og:description\" content=\"425348 Aretes en ba\u00f1o de oro, con dijes en forma de c\u00edrculo compuestos por cuentas que le dan el acabado [&hellip;]\" \/>\n<meta property=\"og:url\" content=\"https:\/\/ncjoyeria.com\/index.php\/producto\/aretes-en-bano-de-oro-con-piedra-en-tono-cristal\/\" \/>\n<meta property=\"og:site_name\" content=\"ncjoyeria.com\" \/>\n<meta property=\"article:modified_time\" content=\"2025-05-26T02:46:17+00:00\" \/>\n<meta property=\"og:image\" content=\"https:\/\/ncjoyeria.com\/wp-content\/uploads\/2025\/05\/425348.jpg\" \/>\n\t<meta property=\"og:image:width\" content=\"1200\" \/>\n\t<meta property=\"og:image:height\" content=\"1200\" \/>\n\t<meta property=\"og:image:type\" content=\"image\/jpeg\" \/>\n<meta name=\"twitter:card\" content=\"summary_large_image\" \/>\n<meta name=\"twitter:label1\" content=\"Tiempo de lectura\" \/>\n\t<meta name=\"twitter:data1\" content=\"1 minuto\" \/>\n<script type=\"application\/ld+json\" class=\"yoast-schema-graph\">{\"@context\":\"https:\/\/schema.org\",\"@graph\":[{\"@type\":\"WebPage\",\"@id\":\"https:\/\/ncjoyeria.com\/index.php\/producto\/aretes-en-bano-de-oro-con-piedra-en-tono-cristal\/\",\"url\":\"https:\/\/ncjoyeria.com\/index.php\/producto\/aretes-en-bano-de-oro-con-piedra-en-tono-cristal\/\",\"name\":\"Aretes en ba\u00f1o de oro con piedra en tono cristal - ncjoyeria.com\",\"isPartOf\":{\"@id\":\"https:\/\/ncjoyeria.com\/#website\"},\"primaryImageOfPage\":{\"@id\":\"https:\/\/ncjoyeria.com\/index.php\/producto\/aretes-en-bano-de-oro-con-piedra-en-tono-cristal\/#primaryimage\"},\"image\":{\"@id\":\"https:\/\/ncjoyeria.com\/index.php\/producto\/aretes-en-bano-de-oro-con-piedra-en-tono-cristal\/#primaryimage\"},\"thumbnailUrl\":\"https:\/\/ncjoyeria.com\/wp-content\/uploads\/2025\/05\/425348.jpg\",\"datePublished\":\"2025-05-26T02:44:25+00:00\",\"dateModified\":\"2025-05-26T02:46:17+00:00\",\"breadcrumb\":{\"@id\":\"https:\/\/ncjoyeria.com\/index.php\/producto\/aretes-en-bano-de-oro-con-piedra-en-tono-cristal\/#breadcrumb\"},\"inLanguage\":\"es\",\"potentialAction\":[{\"@type\":\"ReadAction\",\"target\":[\"https:\/\/ncjoyeria.com\/index.php\/producto\/aretes-en-bano-de-oro-con-piedra-en-tono-cristal\/\"]}]},{\"@type\":\"ImageObject\",\"inLanguage\":\"es\",\"@id\":\"https:\/\/ncjoyeria.com\/index.php\/producto\/aretes-en-bano-de-oro-con-piedra-en-tono-cristal\/#primaryimage\",\"url\":\"https:\/\/ncjoyeria.com\/wp-content\/uploads\/2025\/05\/425348.jpg\",\"contentUrl\":\"https:\/\/ncjoyeria.com\/wp-content\/uploads\/2025\/05\/425348.jpg\",\"width\":1200,\"height\":1200},{\"@type\":\"BreadcrumbList\",\"@id\":\"https:\/\/ncjoyeria.com\/index.php\/producto\/aretes-en-bano-de-oro-con-piedra-en-tono-cristal\/#breadcrumb\",\"itemListElement\":[{\"@type\":\"ListItem\",\"position\":1,\"name\":\"Portada\",\"item\":\"https:\/\/ncjoyeria.com\/\"},{\"@type\":\"ListItem\",\"position\":2,\"name\":\"Tienda\",\"item\":\"https:\/\/ncjoyeria.com\/\"},{\"@type\":\"ListItem\",\"position\":3,\"name\":\"Aretes en ba\u00f1o de oro con piedra en tono cristal\"}]},{\"@type\":\"WebSite\",\"@id\":\"https:\/\/ncjoyeria.com\/#website\",\"url\":\"https:\/\/ncjoyeria.com\/\",\"name\":\"ncjoyeria.com\",\"description\":\"\",\"potentialAction\":[{\"@type\":\"SearchAction\",\"target\":{\"@type\":\"EntryPoint\",\"urlTemplate\":\"https:\/\/ncjoyeria.com\/?s={search_term_string}\"},\"query-input\":{\"@type\":\"PropertyValueSpecification\",\"valueRequired\":true,\"valueName\":\"search_term_string\"}}],\"inLanguage\":\"es\"}]}<\/script>\n<!-- \/ Yoast SEO plugin. -->","yoast_head_json":{"title":"Aretes en ba\u00f1o de oro con piedra en tono cristal - ncjoyeria.com","robots":{"index":"index","follow":"follow","max-snippet":"max-snippet:-1","max-image-preview":"max-image-preview:large","max-video-preview":"max-video-preview:-1"},"canonical":"https:\/\/ncjoyeria.com\/index.php\/producto\/aretes-en-bano-de-oro-con-piedra-en-tono-cristal\/","og_locale":"es_ES","og_type":"article","og_title":"Aretes en ba\u00f1o de oro con piedra en tono cristal - ncjoyeria.com","og_description":"425348 Aretes en ba\u00f1o de oro, con dijes en forma de c\u00edrculo compuestos por cuentas que le dan el acabado [&hellip;]","og_url":"https:\/\/ncjoyeria.com\/index.php\/producto\/aretes-en-bano-de-oro-con-piedra-en-tono-cristal\/","og_site_name":"ncjoyeria.com","article_modified_time":"2025-05-26T02:46:17+00:00","og_image":[{"width":1200,"height":1200,"url":"https:\/\/ncjoyeria.com\/wp-content\/uploads\/2025\/05\/425348.jpg","type":"image\/jpeg"}],"twitter_card":"summary_large_image","twitter_misc":{"Tiempo de lectura":"1 minuto"},"schema":{"@context":"https:\/\/schema.org","@graph":[{"@type":"WebPage","@id":"https:\/\/ncjoyeria.com\/index.php\/producto\/aretes-en-bano-de-oro-con-piedra-en-tono-cristal\/","url":"https:\/\/ncjoyeria.com\/index.php\/producto\/aretes-en-bano-de-oro-con-piedra-en-tono-cristal\/","name":"Aretes en ba\u00f1o de oro con piedra en tono cristal - ncjoyeria.com","isPartOf":{"@id":"https:\/\/ncjoyeria.com\/#website"},"primaryImageOfPage":{"@id":"https:\/\/ncjoyeria.com\/index.php\/producto\/aretes-en-bano-de-oro-con-piedra-en-tono-cristal\/#primaryimage"},"image":{"@id":"https:\/\/ncjoyeria.com\/index.php\/producto\/aretes-en-bano-de-oro-con-piedra-en-tono-cristal\/#primaryimage"},"thumbnailUrl":"https:\/\/ncjoyeria.com\/wp-content\/uploads\/2025\/05\/425348.jpg","datePublished":"2025-05-26T02:44:25+00:00","dateModified":"2025-05-26T02:46:17+00:00","breadcrumb":{"@id":"https:\/\/ncjoyeria.com\/index.php\/producto\/aretes-en-bano-de-oro-con-piedra-en-tono-cristal\/#breadcrumb"},"inLanguage":"es","potentialAction":[{"@type":"ReadAction","target":["https:\/\/ncjoyeria.com\/index.php\/producto\/aretes-en-bano-de-oro-con-piedra-en-tono-cristal\/"]}]},{"@type":"ImageObject","inLanguage":"es","@id":"https:\/\/ncjoyeria.com\/index.php\/producto\/aretes-en-bano-de-oro-con-piedra-en-tono-cristal\/#primaryimage","url":"https:\/\/ncjoyeria.com\/wp-content\/uploads\/2025\/05\/425348.jpg","contentUrl":"https:\/\/ncjoyeria.com\/wp-content\/uploads\/2025\/05\/425348.jpg","width":1200,"height":1200},{"@type":"BreadcrumbList","@id":"https:\/\/ncjoyeria.com\/index.php\/producto\/aretes-en-bano-de-oro-con-piedra-en-tono-cristal\/#breadcrumb","itemListElement":[{"@type":"ListItem","position":1,"name":"Portada","item":"https:\/\/ncjoyeria.com\/"},{"@type":"ListItem","position":2,"name":"Tienda","item":"https:\/\/ncjoyeria.com\/"},{"@type":"ListItem","position":3,"name":"Aretes en ba\u00f1o de oro con piedra en tono cristal"}]},{"@type":"WebSite","@id":"https:\/\/ncjoyeria.com\/#website","url":"https:\/\/ncjoyeria.com\/","name":"ncjoyeria.com","description":"","potentialAction":[{"@type":"SearchAction","target":{"@type":"EntryPoint","urlTemplate":"https:\/\/ncjoyeria.com\/?s={search_term_string}"},"query-input":{"@type":"PropertyValueSpecification","valueRequired":true,"valueName":"search_term_string"}}],"inLanguage":"es"}]}},"_links":{"self":[{"href":"https:\/\/ncjoyeria.com\/index.php\/wp-json\/wp\/v2\/product\/140","targetHints":{"allow":["GET"]}}],"collection":[{"href":"https:\/\/ncjoyeria.com\/index.php\/wp-json\/wp\/v2\/product"}],"about":[{"href":"https:\/\/ncjoyeria.com\/index.php\/wp-json\/wp\/v2\/types\/product"}],"replies":[{"embeddable":true,"href":"https:\/\/ncjoyeria.com\/index.php\/wp-json\/wp\/v2\/comments?post=140"}],"wp:featuredmedia":[{"embeddable":true,"href":"https:\/\/ncjoyeria.com\/index.php\/wp-json\/wp\/v2\/media\/87"}],"wp:attachment":[{"href":"https:\/\/ncjoyeria.com\/index.php\/wp-json\/wp\/v2\/media?parent=140"}],"wp:term":[{"taxonomy":"product_brand","embeddable":true,"href":"https:\/\/ncjoyeria.com\/index.php\/wp-json\/wp\/v2\/product_brand?post=140"},{"taxonomy":"product_cat","embeddable":true,"href":"https:\/\/ncjoyeria.com\/index.php\/wp-json\/wp\/v2\/product_cat?post=140"},{"taxonomy":"product_tag","embeddable":true,"href":"https:\/\/ncjoyeria.com\/index.php\/wp-json\/wp\/v2\/product_tag?post=140"}],"curies":[{"name":"wp","href":"https:\/\/api.w.org\/{rel}","templated":true}]}}